tors of p?
2, 13
Let h(q) = -69 + 45 - 30*q + 38. Let i be h(-4). Suppose -6*j + 686 = i. What are the prime factors of j?
2, 23
Let k(m) = m**3 + 5*m**2 - 4*m. Let h be k(-4). Let j = h - 32. Suppose j*u + x = 2*u - 161, -3*u + 246 = -3*x. What are the prime factors of u?
79
Suppose 0*x + 2*x - 5*o = -599, -5*o - 307 = x. Let r = 935 + x. What are the prime factors of r?
3, 211
Let a(l) = -3*l**2 - 2*l + 13. Let q = -98 + 96. Let k(m) = m**3 - 6*m**2 - 3*m + 27. Let r(s) = q*k(s) + 5*a(s). What are the prime factors of r(-5)?
2, 103
Let p be -4*(-18)/(-24) - -4. What are the prime factors of p*(-57 + -1)*(20 + -25)?
2, 5, 29
Suppose -7*z + 17*z - 8570 = 0. Suppose -5*b + z = -658. What are the prime factors of b?
3, 101
Let d(r) = -r**3 + 19*r**2 - 11*r + 7. Let y = -52 - -70. What are the prime factors of d(y)?
7, 19
Let q be 4 + -1 + (-7796)/(4/(-1)). Suppose -8*y + 9088 = q. List the prime factors of (y/(-8))/((-3)/6).
223
Suppose 837 = -2*r + 5*r. Let x(c) = -c**3 - 16*c**2 + 68*c - 286. Let t be x(-21). Let j = t - r. What are the prime factors of j?
2, 53
Let c(k) = -6*k + 32. Let b be c(5). Let l be (1 - (-3)/b)*68. Let x = -68 + l. What are the prime factors of x?
2, 3, 17
Let f(l) be the third derivative of l**6/180 + 11*l**5/40 + 5*l**4/3 - 47*l**2. Let w(p) be the second derivative of f(p). What are the prime factors of w(11)?
7, 11
Let f(u) = u**3 - 13*u**2 + 5. Let p be f(13). Suppose -28 = p*h - 19*h. Suppose 3*m = 5*s + 1 + 1, 0 = s - h. What are the prime factors of m?
2
Suppose -534 = -r + 229. Let c = -121 + r. List the prime factors of c.
2, 3, 107
Let t(p) = p**3 - 10*p**2 + 17*p + 2. Let b be t(8). Suppose 2*o - b = -0*o. Suppose o*m - 4*m - 54 = 4*v, -4*v - 138 = -3*m. What are the prime factors of m?
2, 3, 7
Let z = -31084 + 57137. What are the prime factors of z?
26053
Let d = 113 + -127. Let g = 9 + d. List the prime factors of g/((-30)/228) + (-3)/1.
5, 7
Suppose 5*g - 1167 = -2*z + 14, 0 = -5*g + 2*z + 1189. Let y = 141 - g. Let f = 1 - y. List the prime factors of f.
97
Suppose -4*p - 174344 = -44*p + 2*p. List the prime factors of p.
2, 31, 37
Let p(i) = 29*i**2 + 47*i - 246. List the prime factors of p(6).
2, 3, 5
Let z(m) = -27*m**2 - m - 1. Let v(k) = 27*k**2. Let q(y) = -5*v(y) - 6*z(y). Let r be q(-3). What are the prime factors of r - (-2)/((-8)/(-20))?
2, 59
Let q(c) = -c**2 + 8*c - 9. Let z be q(7). List the prime factors of 8 + -8 + 1384/(z - -6).
2, 173
Let h(v) = 9 - 4*v**2 - 25*v**3 - 4*v - v**2 - 23*v**3 + 43*v**3. List the prime factors of h(-4).
5, 53
Let u = -138833 + 198505. What are the prime factors of u?
2, 7459
Let s be 22/4 - 6/4. Suppose 5*x = -m, -s*x + 20 = 5*m + x. Suppose 0 = -m*t - 10, 4*f - 278 = t - 2*t. What are the prime factors of f?
2, 5, 7
Let b(j) = 114*j**2 + 154*j + 2375. List the prime factors of b(-15).
5, 37, 139
Suppose -12*n + 48414 + 15258 = 0. What are the prime factors of n?
2, 7, 379
Suppose 3*i = 10*z - 5*z - 30, -31 = 5*i - 2*z. Let r(o) = -4*o**3 - 5*o**2 + 2*o - 19. What are the prime factors of r(i)?
2, 173
Let m be -5 - ((3 - 3) + 0). Let r be 1 - m/(15/6). What are the prime factors of r/1*(11 + 0)?
3, 11
Let c be 0/(-5)*2*1/2. Let h be (1/(-2)*-4)/(c - -1). Suppose -x = -3*b + 33, x = b - h*x - 3. List the prime factors of b.
2, 3
Let a = 29 + -18. Let b = a - 9. Suppose b*l - 305 = -3*l. What are the prime factors of l?
61
Let w = 24081 - -10244. List the prime factors of w.
5, 1373
Let w = 30 + -44. What are the prime factors of -14*-1*(-511)/w?
7, 73
Let v(l) = -l**3 + 15*l**2 + 3*l - 46. Let q be v(15). Let d(g) = 94*g**2 + 2*g. List the prime factors of d(q).
2, 23
Let o be ((1 + -2)*1)/(9/(-54)). Suppose -4*z + 5*p = -2309, -o*z = -4*z + 4*p - 1148. Suppose -9*k = -k - z. What are the prime factors of k?
2, 3
Let p = -28614 + 51004. List the prime factors of p.
2, 5, 2239
Let r = 12884 - 4016. What are the prime factors of r?
2, 3, 739
Let d be -5 - (-1 + 4/(-2)). Let q be 5 - (d - (-4 - -1)). Suppose -q*j = 4*w - w - 356, -3*j = 5*w - 278. What are the prime factors of j?
2, 43
Let s(g) = 108*g - 70. Let u be s(6). Suppose 0 = -w - 2*t + 192, 2*w - 5*w = 4*t - u. List the prime factors of w.
2, 97
Let u be 24/18*(-3)/(-1). Suppose -u*c + 6*c + 46 = a, -5*a + 5*c = -220. Let t = 119 - a. What are the prime factors of t?
7, 11
Let w be 3 - (24 - 2) - (-2 - 2). What are the prime factors of ((-1)/(w/(-440)))/((-2)/15)?
2, 5, 11
Let d(f) = 513*f + 2337. List the prime factors of d(32).
3, 7, 19, 47
Suppose -1363 = -4*m - 1371. List the prime factors of 3 - 1234/m - 4.
2, 7, 11
Let o be (1/((-5)/6))/(204/(-510)). Suppose 4*l + o*l - 917 = 0. List the prime factors of l.
131
Suppose 89 = -4*c + 5*u, -u - 100 = 5*c + 4*u. Let y(p) = -p**3 - 19*p**2 + 7*p - 27. List the prime factors of y(c).
2, 3, 59
Suppose -2929 - 5606 = 3*l - 8*l. List the prime factors of l.
3, 569
Suppose -113*a + 809193 + 737212 = 0. List the prime factors of a.
5, 7, 17, 23
Let p be 1 + -4 - 4518/(-3). Suppose -3*z - c = -1572, 3*z + 2*c - 69 = p. What are the prime factors of z?
2, 131
Let a(f) = 10*f**2 - 4*f + 1. Let r be a(2). Suppose r*d = 36*d - 378. What are the prime factors of d?
2, 3, 7
Let y(i) be the third derivative of -i**5/60 + i**4/6 - 11*i**3/6 - 42*i**2. Let g be y(19). Let r = g + 430. What are the prime factors of r?
2, 67
Let n(v) = 2*v + 22. Let r be n(-14). Let b be 1*547 - 2/(-3)*r. Suppose -5*z = -2*c + 337, -4*z - z = 3*c - b. What are the prime factors of c?
2, 11
Let h = 132 - 128. What are the prime factors of (2406/h)/((-3)/(-2))?
401
Let s(k) = -k**3 - 21*k**2 + 4*k - 46. Let c be s(-21). Let w = c + 130. Suppose i + 707 - 254 = 4*j, w = j - i - 117. What are the prime factors of j?
2, 7
Let o be (7*(-4)/(-35))/((-4)/(-12350)). Suppose -830*w - o = -832*w. List the prime factors of w.
5, 13, 19
Suppose 0 = 4*w + k - 6*k - 36, 2*w + 2*k - 18 = 0. What are the prime factors of -615*((-87)/w - -8)?
5, 41
Suppose 8*a - 5*l - 1330 = 3*a, 1073 = 4*a + 5*l. Let q = a + -45. What are the prime factors of q?
2, 3, 37
Let x be 1/(1 + (-888)/892). Let o = 233 - x. List the prime factors of o.
2, 5
Suppose 37 = 5*i + 3*p, 3 = -4*i + 4*p + 7. Suppose 2256 + 2701 = i*z - 4*m, -4*m = 4*z - 3980. List the prime factors of z.
3, 331
Let q = 5 + -5. Suppose 41*o - 43*o + 352 = q. Suppose o = 2*a + 34. What are the prime factors of a?
71
Let r be 5/(-4*(-5)/40). Suppose 2*k = -4*s + 18, r*k = -4*s + 5*k + 9. Suppose -s*o + 119 + 463 = 0. What are the prime factors of o?
97
Suppose 130580 = 5*h - 5*x, -h + 73*x = 77*x - 26081. List the prime factors of h.
3, 967
Let o(g) = 25*g**2 - 13*g + 16. Let u(j) = -24*j**2 + 12*j - 14. Let x(h) = -4*o(h) - 5*u(h). What are the prime factors of x(1)?
2, 3
Let g = -10081 - -18042. What are the prime factors of g?
19, 419
Let x(m) be the first derivative of 302*m**3/3 - m - 70. What are the prime factors of x(1)?
7, 43
Let g(v) = 4*v - 85. Let y(f) = -2*f + 14. Let j be y(-4). Let l be g(j). Suppose -18*r - l*r + 3801 = 0. List the prime factors of r.
181
Let s = 659 + -385. Let o be -57 + (-8)/(-6)*3. Let u = s + o. List the prime factors of u.
13, 17
Suppose -24 = y - 5*h, 22*h + 20 = -2*y + 25*h. List the prime factors of 346/(y - -6) + (-2 - 0).
3, 19
Let o = -45 - -54. Suppose 0 = -13*m + o*m + 12. Suppose s + m = 23. List the prime factors of s.
2, 5
List the prime factors of (-2)/(-24) - (-16 - 1127273/84).
2, 3359
Let r(y) = 5*y**2 - y - 1. Let f be 1 + -4 + (-8)/(-4). Let i be r(f). Suppose -i*q + 4*q + 51 = 0. What are the prime factors of q?
3, 17
Let n(x) = 23*x - 186. Let a(u) = 44*u - 373. Let v(m) = -3*a(m) + 7*n(m). What are the prime factors of v(29)?
2, 7, 47
Suppose 4*d = 4*o - 32812, -2*o - 22*d = -23*d - 16408. What are the prime factors of o?
3, 5, 547
Suppose x + 12 = 6*x - 2*o, -4 = 4*o. Suppose -h + 3*y = -69, -2*h - x*y + y = -110. Let i = 63 - h. What are the prime factors of i?
2, 3
Suppose 6550 = 12*h - 42926. Suppose -u = -4*o - 781, -5*u + 2*o - 164 = -h. List the prime factors of u.
13, 61
Let r = 49532 + -23824. What are the prime factors of r?
2, 6427
Let y be (-1728)/(-9)*(-42)/8. Let p = -708 - y. List the prime factors of p.
2, 3, 5
List the prime factors of (((-4144)/10)/4)/((-18)/810).
2, 3, 7, 